t q(p) be the third derivative of -11*p**4/24 - 4*p**3/3 + 11*p**2. What is the remainder when q(-3) is divided by 13?
12
Let v = 403 - 358. Calculate the remainder when 82 is divided by v.
37
Let r(g) = -29*g**3 + g**2 - 1. Let s be r(-1). Suppose 7*o - 3*p = 2*o + s, 4*o - p = 19. What is the remainder when 12 is divided by o?
0
Let f(j) = -j**2 + 7*j - 9. Let c be f(6). What is the remainder when -5 - -106 - (4 + c) is divided by 34?
32
Suppose 3*u = f - 15, -4*u = 7*f - 9*f + 34. Suppose s = 3*k + 17, -15 + 0 = 5*k. What is the remainder when f is divided by s?
5
Let f be (-1)/(((-1)/6)/(3/6)). Suppose -f*b + 46 = 2*d, -3*d + 0*d + 71 = 5*b. Calculate the remainder when 64 is divided by d.
13
Let c(z) = 2*z**2 + 2*z + 1. Let s be c(4). Let r be s/2*2/1. Let d = r + -15. What is the remainder when d is divided by 10?
6
Let b = 76 + -52. Suppose -2*q - 5*h + 25 = 0, -b = -5*q + 3*h - 8. Suppose c - 17 = -0. Calculate the remainder when c is divided by q.
2
Suppose 0 = 4*d + d - 240. Suppose -66*t - d = -70*t. Calculate the remainder when 47 is divided by t.
11
Suppose 2*u - 5*b = 51, 4*b + 141 = 5*u + 5*b. What is the remainder when 277 is divided by u?
25
Suppose -18 = -3*a - 3*j + 2*j, -5*a - 2*j = -29. Suppose -2*f - 227 = a. What is the remainder when f/5*(-1 + -4) is divided by 30?
27
Let f(p) = -p**2 + 6*p - 3. Let r(k) = -k**2 + 14*k - 13. Let a be r(12). Let l = -8 + a. What is the remainder when f(4) is divided by l?
2
Suppose -2*z - 5*j - 10 = 0, -5*z + 2*j = -4*z - 4. Suppose 3*a + 3*v = 180 - 6, -a + v + 48 = z. What is the remainder when a is divided by 11?
9
Let n = -51 - -94. Suppose -24*r + 135 = -15*r. Calculate the remainder when n is divided by r.
13
Suppose 2*w + 10 + 2 = 0. Let v(g) = -4*g + 5. Calculate the remainder when 57 is divided by v(w).
28
Suppose -4*n + o + 17 + 27 = 0, -n = o - 6. Calculate the remainder when 73 is divided by n.
3
Suppose 2*i - 3*z + 11 = 0, -z - 14 = -2*i - 3*z. Suppose 165 = i*f - 107. What is the remainder when f is divided by 20?
16
Suppose g = -1 - 2. Let u = 5 - g. Let w = -198 + 221. Calculate the remainder when w is divided by u.
7
Let l = -2319 - -2323. Suppose 0 = -4*c - 36. Calculate the remainder when 3/(c/(-4) + -2) is divided by l.
0
Suppose -125 = -3*f - 7*z + 5*z, 4*f - 2*z - 148 = 0. What is the remainder when f is divided by 10?
9
Let h = -63 + 108. Let p = h - 30. Calculate the remainder when 43 is divided by p.
13
Let y(r) = -r**2 + 9*r - 7. Let w be y(6). Let f = 6 - 2. Suppose 9 = c + h, c + 0 = f*h - w. Calculate the remainder when 19 is divided by c.
4
Let h(y) = 2*y**2 - 45*y + 35. Calculate the remainder when 23 is divided by h(22).
10
Let a(n) = -50*n - 193. What is the remainder when a(-10) is divided by 7?
6
Suppose 6*i = 31 - 139. Let g = -4 - i. What is the remainder when 27 is divided by g?
13
Suppose 34 = x - 3*a, 2*x - 3*x + 49 = 2*a. What is the remainder when x is divided by 19?
5
Let q be (3 - 5*(-44)/(-12))*-9. Let j = -85 + q. What is the remainder when j is divided by 27?
26
Let u = 1429 - 1401. Let a(m) = m**3 - m**2 - m + 79. Calculate the remainder when a(0) is divided by u.
23
What is the remainder when 110 is divided by ((-6)/18 - -1)*(-1 + 22)?
12
Let g(v) = 25 + 7*v**2 + 29 - 6*v - 43. Calculate the remainder when g(4) is divided by -2 + (-1)/(2/(-54)).
24
Let u = 19 - 13. Let p(m) = 19*m - 16. Let a be p(2). Suppose g + 0*g - t - a = 0, -5*t - 59 = -2*g. What is the remainder when g is divided by u?
5
Let c be (36 - -4)*(-3)/(-2). Suppose 2*a + a - c = 0. What is the remainder when a is divided by 8?
4
Suppose 3*p - 24 + 1 = -4*l, -l + 2*p + 14 = 0. Suppose 0 = l*o - 7*o + 13. What is the remainder when 50 is divided by (21 + o)*26/8?
24
Let i(y) = -y**3 - 3*y + 36. Calculate the remainder when 62 is divided by i(0).
26
Let v = 218 + -113. Suppose -2*z = 3*z - v. What is the remainder when 41 is divided by z?
20
Let u(w) = -4*w**2 - 3. Suppose -5*l = -15 - 0. Let h be u(l). Calculate the remainder when (-2)/13 - 2346/h is divided by 9.
6
Let k(v) = -7*v + 76. What is the remainder when k(-15) is divided by 61?
59
Suppose 13 = -2*y + h + 3, -3*h = -y - 10. Let d = 25 + -12. Calculate the remainder when (66/y)/((-5)/10) is divided by d.
7
Suppose -2*v + 69 - 1 = -2*j, 2*v - 48 = -2*j. Calculate the remainder when 81 is divided by v.
23
Suppose 34*k = -16*k + 5900. What is the remainder when 245 is divided by k?
9
Let h = -78 - -158. Let l = -62 + h. Suppose 0 = 5*y - y - 132. What is the remainder when y is divided by l?
15
Calculate the remainder when 415 is divided by -3 - ((-9)/(-18))/((-2)/88).
16
Suppose g + 24 = 7*g. Suppose 5*t + 1559 = -2*n - 0*n, -3*t - 3097 = 4*n. What is the remainder when 2/g + n/(-8) is divided by 25?
22
Suppose 6*f + 130 = 148. Let b(p) = p**3 + 4*p**2 + p - 3. Calculate the remainder when f is divided by b(-3).
0
Let d = -69 - -86. What is the remainder when -2 + (-2296)/(-44) - (-2)/(-11) is divided by d?
16
Let x(c) = -3*c + 29. Let u be x(9). What is the remainder when 91 is divided by (u/(-12)*3)/((-1)/48)?
19
Suppose -368 - 57 = -25*y. What is the remainder when 98 is divided by y?
13
Calculate the remainder when 25 is divided by 5 + 3 + -4 + -1.
1
Let p be 1 + -2 + (2 - -23). Let n = p - 17. What is the remainder when 27 is divided by n?
6
Let s = 146 + -71. Let p = s - 44. Calculate the remainder when p is divided by 16.
15
Suppose -3*o + 37 = -d, -o + 5*d = -0*o - 31. What is the remainder when 405 is divided by o?
9
Let g(y) be the first derivative of -y**3/3 + 13*y**2/2 - 13*y + 12. What is the remainder when 108 is divided by g(9)?
16
Let w(o) = -o**2 + o**3 - 1 + 6*o**2 - 3 - 7*o. Let r be w(-6). Let u = r + 2. What is the remainder when 6 is divided by u?
2
Suppose -4*d = 38 - 142. Calculate the remainder when 56 is divided by d.
4
Calculate the remainder when 82 is divided by ((-2)/3)/(6 - 8)*36.
10
Let z(d) = -7*d - 8. Let o be z(-5). Let t be o/(-45) - 4/10. What is the remainder when 3 is divided by t*1 - (17 + -20)?
1
Let h be 6/(8/4) + 4. Let f = -5 + h. Suppose -r - 31 = -2*z, -5*z + 5*r = -f - 63. What is the remainder when 53 is divided by z?
17
Let p(g) = 2 - g**2 - 2*g**2 + g**2 - 2*g - 6*g**3. Suppose 4*y = -4*j + 52, -2*y + j = 2*j - 29. What is the remainder when p(-2) is divided by y?
14
Suppose 0 = 15*j - 11*j - 20. Suppose -49 = -2*p - m, -3*m = -0*p + j*p - 120. What is the remainder when 240 is divided by p?
24
Suppose 2*b + 13 = 37. What is the remainder when 176 is divided by b?
8
Suppose -v - 5*n + 44 = 0, -29 = -4*v - 5*n + 162. Let y(o) = -3*o**3 - 3*o**2 + 89*o + 177. What is the remainder when v is divided by y(-2)?
5
Suppose 4*r + 12 = 4. Let a(i) = 3*i**2 - 86*i + 149. What is the remainder when a(27) is divided by (-15)/r + 3/6?
6
Suppose 2*l = 49 - 5. Calculate the remainder when 107 is divided by l.
19
What is the remainder when 43 is divided by (252/8)/7*(-3 - -5)?
7
Suppose -2*p - 148 = -k + p, -k - p + 136 = 0. Suppose 0 = -5*u + k - 24. What is the remainder when 41 is divided by u?
18
Let m(g) = 2*g**3 - 15*g**2 + 10*g - 15. Calculate the remainder when 301 is divided by m(7).
1
Suppose 13 = 3*a + 1. Suppose 24 = 5*b - a*b. What is the remainder when b is divided by (-101)/(-11) - (-4)/(-22)?
6
Let s(m) = 12*m**2 - 4*m + 7. What is the remainder when s(2) is divided by 14?
5
Suppose -5*s + 3*s - 8 = -4*o, 0 = s + 4. Suppose -8*v - 3 + 19 = o. Suppose -4*r = -7*r + 24. What is the remainder when r is divided by v?
0
Let l be 3*2*(12 + -8). Suppose 0 = -28*b + l*b + 252. Suppose 0*o - 2*o = -32. What is the remainder when b is divided by o?
15
Let i(m) = m**3 + 26*m**2 - m - 18. What is the remainder when 33 is divided by i(-26)?
1
What is the remainder when -91*(-12)/84*(-1 - -2) is divided by 3?
1
Let b(o) be the second derivative of o**4/4 + o**3/6 - o**2/2 - 8*o. Calculate the remainder when b(3) is divided by 10.
9
Let q be 1*-2*(6 - 534/(-12)). Let h = 26 - q. What is the remainder when h is divided by 26?
23
Let w(t) be the first derivative of -t**4/4 - 4*t**3 - 7*t**2 - 22*t + 5. Calculate the remainder when 31 is divided by w(-11).
9
Suppose -h + 2*h - 9 = 3*d, -2*d = 3*h - 5. Suppose 0*k - h = -k. Suppose 0 = 2*n + 5*n - 21. Calculate the remainder when k 